z. Let w be f(-6). What is the highest common factor of 36 and w?
12
Let j(p) = p**3 + 5*p**2 - 210*p - 22. Let i be j(-17). Suppose -g + 320 = 3*g. What is the highest common factor of i and g?
80
Let h be 2/3 - 115/(-3). Let s(x) = 2*x**2 + x - 8. Let p be s(-2). Let j be (-3230)/(-255) + p/(-6). Calculate the highest common factor of j and h.
13
Let v(s) = 2*s - 9. Let b be v(10). Suppose 4*n - 3*o - 13 = 0, 2*n - o - 6 = 1. Let z be 3 - n/((-4)/b). Calculate the highest common divisor of 56 and z.
14
Let m(g) be the second derivative of 9*g**3 + 2*g**2 + 11*g. Let r = 122 - 118. Let z be m(r). Calculate the greatest common factor of z and 20.
20
Let s(x) = -x**3 - 145*x**2 - 287*x + 418. Let v be s(-143). Calculate the highest common divisor of 2193 and v.
51
Suppose -5*w + 26 = -3*w. Let k(i) = -i**3 - 7*i**2 - 13*i + 49. Let m be k(-8). Let u = m + -216. Calculate the highest common divisor of w and u.
1
Let j be ((-1554)/(-28))/((-1)/(-2)) + -3. Let a = -763 + 952. What is the highest common divisor of j and a?
27
Let p(a) be the third derivative of -7*a**4/24 + a**3 - 2*a**2. Let i be p(-14). Let z = -153 - -179. What is the greatest common factor of i and z?
26
Suppose -228*m + 289*m = 25620. What is the highest common divisor of 150 and m?
30
Let x = 30 - 30. Suppose -2*v - 1 + 7 = x. Suppose 3*d - z = 3*z + 22, 0 = 5*d + 3*z - 27. What is the highest common factor of d and v?
3
Suppose 0 = 65*i - 17*i - 165252 + 60852. What is the greatest common factor of 150 and i?
75
Let z = -4547 + 4635. What is the highest common divisor of 1012 and z?
44
Suppose -190 = -5*u - 5*n, -u + 26 = -2*n - 12. Let s(t) = -t**2 - 12*t - 16. Let p be s(-5). What is the highest common factor of p and u?
19
Suppose -2*q + 5*d + 402 = -0*d, 0 = -4*d + 8. Let j = 250 - q. Calculate the greatest common factor of j and 4.
4
Let d = -17 + 16. Let t be (-12)/48 - (d + (-6)/(-8)). Let n(p) = p**3 - p**2 + 10. Let h be n(t). What is the highest common factor of h and 25?
5
Suppose 0 = 8*m - 7*m - 3. Suppose 4*q = 11 - m. Let i be (-66)/((-1)/3*q). Calculate the highest common divisor of i and 9.
9
Let c be 74/111 + ((-47)/3 - 1). Let u(i) = i**3 + 15*i**2 - 16*i. Let d be u(c). Let p be (-4)/(d + 1) - -18. What is the highest common factor of p and 21?
7
Let t = -12592 - -13187. Calculate the highest common divisor of t and 385.
35
Suppose -56*n - 24*n + 91520 = 0. What is the greatest common factor of n and 728?
104
Suppose -87*n = -17*n + 32*n - 39168. What is the greatest common divisor of 3200 and n?
128
Suppose 0 = 2*a - 3*a + 6. Suppose -7*t + 8 = -a. Let o be 1276/8 - (-1)/t. What is the highest common factor of o and 16?
16
Let h be -4*(-7)/((-28)/10). Let u be -60*((-90)/h)/(-9). Calculate the highest common divisor of u and 405.
15
Suppose 0 = -8*r + 217 + 263. Let t = r - 58. Suppose -2*i - 4*f + 396 = 0, 0 = -3*i - t*f + 6*f + 554. What is the highest common divisor of 19 and i?
19
Let d be ((-1)/2)/(-1) - 243/(-18). Let m be 675/(-10)*(d/(-5) - 2). Let c = -180 + m. What is the highest common divisor of 12 and c?
12
Let a be (4/5)/(-2 + (-18)/(-10)). Let d = a + 7. Suppose -2*g = d*i - 39, 11 = -4*i + g + 52. What is the highest common factor of i and 77?
11
Let i(u) = u**3 - 13*u**2 + 14*u - 27. Let q be i(12). Let o be 2 + q + 6 + 184. Calculate the highest common factor of 27 and o.
27
Let v = 95 - -81. Suppose -62 = -4*a + 10*n - 8*n, n = 1. What is the highest common divisor of a and v?
16
Let f be 0 + 123/6*-2. Let k = 59 + f. Suppose 5*i - 819 = -3*p, i - 14 = 5*p + 133. What is the highest common factor of k and i?
18
Suppose -13*x + 234 + 55 = 16. What is the highest common factor of x and 91?
7
Suppose -4*s + 288 = 2*x, 32*s - 334 = 27*s + 4*x. Suppose p - u = s, 313 = 4*p + 3*u + 19. Calculate the greatest common divisor of p and 32.
8
Suppose -5*c + 24374 + 473046 = 65*c. Calculate the greatest common divisor of c and 22.
22
Let i(g) = g**3 - 50*g**2 - 969*g + 115. Let s be i(-15). Suppose -5*m + 33 + 107 = 5*k, -5*m + 90 = 3*k. Calculate the greatest common factor of k and s.
25
Let x = -6347 + 6659. What is the greatest common divisor of x and 5148?
156
Suppose 106548 = -139068*t + 139081*t. What is the greatest common factor of t and 48?
12
Let h(r) = 9*r + 77. Let c be h(-8). Suppose 0 = d - 2*v - 8, -5*v + 6 = -2*d + 26. Suppose d = 4*t - 39 - 61. Calculate the greatest common divisor of t and c.
5
Suppose 0 = 4*s + 28, 69*a - 42420 = 66*a + 3*s. What is the highest common divisor of 7 and a?
7
Let x(s) = -11*s - 22. Let t be x(-3). Suppose -o - 3*p = -48, 14*p - t*p - 12 = 0. Calculate the highest common divisor of o and 8.
4
Suppose 67*j + 4*j + 56*j - 105156 = 0. Calculate the highest common divisor of 1863 and j.
207
Suppose -48 = 6*u - 54*u. Let k be ((0 + 1)*u)/(24/1632). What is the greatest common divisor of k and 782?
34
Let n(v) = -2*v**3 - 56*v**2 - 153*v + 85. Let r be n(-25). What is the greatest common divisor of r and 1720?
40
Let m be 40/15 + 30/(-18). Let l = 0 - 0. Let y = 1 - l. What is the highest common factor of y and m?
1
Let u be ((-28)/(-6))/(2/48). Suppose -s - 3*s + u = 3*k, -5*k = 2*s - 70. Let n = -21 + s. Calculate the greatest common factor of 4 and n.
4
Let z be -30*9/(-162) - 1835/(-15). What is the greatest common factor of z and 4433?
31
Let g = 9029 + -5675. Calculate the highest common factor of 645 and g.
129
Let v be 306/(-68)*480/(-9). What is the highest common factor of 1840 and v?
80
Suppose -5*f = -5*k + 80, 22 = 5*k + 4*f - 22. Let g(j) = -2*j**2 + 9*j + 925. Let a be g(-19). What is the highest common divisor of a and k?
4
Let g(x) = 170*x - 1170. Let w be g(14). Calculate the highest common divisor of 10 and w.
10
Suppose -3*d + 42 = -2*c - 4, 4*d - 56 = 4*c. Suppose 316 - 296 = 5*a. Calculate the greatest common factor of d and a.
2
Suppose 6279 = 3*a - 3*r - 2514, 0 = -2*a - 4*r + 5844. Calculate the highest common divisor of 549 and a.
183
Let p = -121 + 117. Let w be -4*(-15)/20 + p. Let d be (0 + 0 - w/2)*46. Calculate the highest common divisor of d and 69.
23
Let g = 6001 - 3964. Calculate the highest common divisor of g and 21.
21
Let m(k) = -60*k + 97. Let g be m(-6). Let w = g - 347. Let a = -24 + 46. What is the highest common divisor of a and w?
22
Let j(b) = 5*b + 12. Suppose 0 = 2*h - 8 + 12. Let f be j(h). Suppose r = 4*x + 24, -54 = -f*r - 4*x - 6. Calculate the greatest common factor of 16 and r.
8
Let v = 741 + -435. Let s = v - 296. What is the greatest common divisor of s and 160?
10
Let x(n) = 20*n + 784. Let q be x(-38). What is the highest common divisor of 2124 and q?
12
Let o(w) = -841*w + 1257. Let m be o(1). Calculate the greatest common factor of m and 2158.
26
Let d(u) = -2*u**3 - 94*u**2 - 7*u - 247. Let w be d(-47). Let m be (182/6 - 1)*-3. Let g = w - m. What is the highest common divisor of g and 17?
17
Let d(s) = -3*s - 6. Let q be d(-1). Let u be 1/(-2)*(3 + q). Suppose 5*i - 20 = u, 4*i + 12 = z - 0*z. What is the highest common divisor of z and 196?
28
Let i be (-3 + 10 + 2)*-1. Let n be ((-696)/i)/((-60)/(-27) + -2). What is the greatest common factor of n and 12?
12
Suppose -3*y - 2*o = 95, 5*y = -5*o + 9*o - 195. Let a(b) = 2*b**2 + 67*b - 77. Let i be a(y). What is the highest common factor of i and 126?
14
Suppose -5*b + 0*b = 6*b - 9328. Calculate the highest common factor of 795 and b.
53
Let h be ((-3)/12)/(5/(-40)). Suppose 0 = -4*k - h*j + 1334, -5*j + 0*j + 1337 = 4*k. What is the highest common divisor of k and 37?
37
Let i = 427 - 421. Suppose i*z - 11 = 37. Calculate the highest common factor of z and 28.
4
Suppose 7*t + 1704 = 2159. Suppose 77 = 3*z - 1. Calculate the highest common factor of z and t.
13
Let h be (3 + 310)*(21 - 20). Calculate the greatest common factor of 2 and h.
1
Let a(m) = -484*m**2 + 5808*m + 52. Let l be a(12). Let k(w) = 20*w - 10. Let v = -7 - -14. Let z be k(v). Calculate the greatest common divisor of z and l.
26
Let j be -5*21/15 - 4/((-20)/575). What is the highest common factor of 804 and j?
12
Let h = -360 + 364. Suppose o + 5*u = 78, 78 = 5*o - h*o - 5*u. What is the greatest common factor of 312 and o?
78
Let a be 22/(-4)*(-3108)/407. Suppose 4*g - t - 4 = 0, 2*g - 4*g + 2*t = -8. Suppose 3*x - 126 